{"id":2,"date":"2016-03-23T19:51:53","date_gmt":"2016-03-23T18:51:53","guid":{"rendered":"http:\/\/nowy.smaknis.pl\/?page_id=2"},"modified":"2026-03-30T07:11:29","modified_gmt":"2026-03-30T05:11:29","slug":"jadlospis-szkola","status":"publish","type":"page","link":"https:\/\/smaknis.pl\/index.php\/jadlospis-szkola\/","title":{"rendered":"Jad\u0142ospis"},"content":{"rendered":"<h1>Jad\u0142ospis na bie\u017c\u0105cy tydzie\u0144 <a href=\"http:\/\/smaknis.pl\/wp-content\/uploads\/2026\/03\/2026.03.30-31.pdf\"><strong><span style=\"color: #ff0000;\">KLIKNIJ ABY ZOBACZY\u0106<\/span><\/strong><\/a><\/h1>\n<p>W kalendarzu poni\u017cej prezentujemy menu na najbli\u017cszy tydzie\u0144.<br \/>Aby zobaczy\u0107, co pysznego by\u0142o wcze\u015bniej &#8211; wystarczy wybra\u0107: &#8222;<em>Wyszukaj wcze\u015bniejsze zdarzenia&#8221;<\/em>.<\/p>\n<p>Informujemy, \u017ce w wyj\u0105tkowych przypadkach, ze wzgl\u0119du na sezonowo\u015b\u0107 \u015bwie\u017cych produkt\u00f3w z kt\u00f3rych korzystamy, menu mo\u017ce ulec zmianie, o czym b\u0119dziemy informowa\u0107 na bie\u017c\u0105co na naszej stronie.<br \/><iframe loading=\"lazy\" style=\"border-width: 0;\" src=\"https:\/\/calendar.google.com\/calendar\/embed?showTitle=0&amp;showNav=0&amp;showDate=0&amp;showTabs=0&amp;showCalendars=0&amp;showTz=0&amp;mode=AGENDA&amp;height=600&amp;wkst=2&amp;bgcolor=%23ffcc33&amp;src=v1ep9dgbgorqn58blqluj248sc%40group.calendar.google.com&amp;color=%23875509&amp;ctz=Europe%2FWarsaw\" width=\"800\" height=\"350\" frameborder=\"0\" scrolling=\"no\"><\/iframe><\/p>\n\n\n<pre class=\"wp-block-code\"><code><\/code><\/pre>\n","protected":false},"excerpt":{"rendered":"<p>Jad\u0142ospis na bie\u017c\u0105cy tydzie\u0144 KLIKNIJ ABY ZOBACZY\u0106 W kalendarzu poni\u017cej prezentujemy menu na najbli\u017cszy tydzie\u0144.Aby zobaczy\u0107, co pysznego by\u0142o wcze\u015bniej&hellip;<\/p>\n","protected":false},"author":1,"featured_media":0,"parent":0,"menu_order":0,"comment_status":"closed","ping_status":"open","template":"","meta":{"footnotes":""},"class_list":["post-2","page","type-page","status-publish","hentry"],"jetpack_sharing_enabled":true,"_links":{"self":[{"href":"https:\/\/smaknis.pl\/index.php\/wp-json\/wp\/v2\/pages\/2"}],"collection":[{"href":"https:\/\/smaknis.pl\/index.php\/wp-json\/wp\/v2\/pages"}],"about":[{"href":"https:\/\/smaknis.pl\/index.php\/wp-json\/wp\/v2\/types\/page"}],"author":[{"embeddable":true,"href":"https:\/\/smaknis.pl\/index.php\/wp-json\/wp\/v2\/users\/1"}],"replies":[{"embeddable":true,"href":"https:\/\/smaknis.pl\/index.php\/wp-json\/wp\/v2\/comments?post=2"}],"version-history":[{"count":284,"href":"https:\/\/smaknis.pl\/index.php\/wp-json\/wp\/v2\/pages\/2\/revisions"}],"predecessor-version":[{"id":1590,"href":"https:\/\/smaknis.pl\/index.php\/wp-json\/wp\/v2\/pages\/2\/revisions\/1590"}],"wp:attachment":[{"href":"https:\/\/smaknis.pl\/index.php\/wp-json\/wp\/v2\/media?parent=2"}],"curies":[{"name":"wp","href":"https:\/\/api.w.org\/{rel}","templated":true}]}}