{"id":89,"date":"2016-03-27T20:34:02","date_gmt":"2016-03-27T18:34:02","guid":{"rendered":"http:\/\/nowy.smaknis.pl\/?page_id=89"},"modified":"2022-10-18T20:55:15","modified_gmt":"2022-10-18T18:55:15","slug":"mops","status":"publish","type":"page","link":"https:\/\/smaknis.pl\/index.php\/mops\/","title":{"rendered":"MOPS"},"content":{"rendered":"<p><strong>Informujemy, \u017ce istnieje \u00a0mo\u017cliwo\u015b\u0107 dofinansowania obiad\u00f3w przez Miejski O\u015brodek Pomocy Spo\u0142ecznej oraz z Gminnych O\u015brodk\u00f3w Pomocy Spo\u0142ecznej.<\/strong><\/p>\n<p>PROGRAM POMOCY RODZINOM SPE\u0141NIAJ\u0104CYCH KRYTERIA MOPS W ZAKRESIE DO\u017bYWIANIA DZIECI W SZKOLE<\/p>\n<p>Miejski O\u015brodek Pomocy Spo\u0142ecznej udziela pomocy w formie posi\u0142ku, w ramach programu \u201ePomoc pa\u0144stwa w zakresie do\u017cywiania\u201d.<\/p>\n<p>Rodzice i opiekunowie dzieci, kt\u00f3rzy chcieliby zapewni\u0107 swoim dzieciom obiad w szkole, mog\u0105 zg\u0142asza\u0107 si\u0119 z wnioskiem do Miejskiego O\u015brodka Pomocy\u00a0Spo\u0142ecznej.<\/p>\n<p>Od stycznia 2014 roku pomoc jest przyznawana w ramach programu os\u0142onowego, przyj\u0119tego uchwa\u0142\u0105 nrXCV\/1425\/14 Rady Miasta Krakowa z dnia 15 stycznia 2014 r., dotycz\u0105cego udzielania mieszka\u0144com Gminy Miejskiej Krak\u00f3w pomocy w zakresie do\u017cywiania przyj\u0119tego w zwi\u0105zku z uchwa\u0142\u0105 nr 221 Rady Ministr\u00f3w z dnia 10 grudnia 2013r. w sprawie ustanowienia wieloletniego programu wspierania finansowego gmin w zakresie do\u017cywiania \u201ePomoc pa\u0144stwa w zakresie do\u017cywiania\u201d na lata\u00a02014-2020.<\/p>\n<p>Osoby, kt\u00f3re chc\u0105 skorzysta\u0107 z pomocy, mog\u0105 zg\u0142asza\u0107 si\u0119 do jednej z Filii Miejskiego O\u015brodka Pomocy Spo\u0142ecznej w Krakowie. Aby\u00a0MOPS\u00a0m\u00f3g\u0142 przyzna\u0107 \u015bwiadczenie, konieczne jest przeprowadzenie w miejscu zamieszkania wnioskodawcy wywiadu\u00a0\u015brodowiskowego.<\/p>\n<p>W szczeg\u00f3lnych przypadkach mo\u017cliwe jest finansowanie posi\u0142k\u00f3w dla dzieci i uczni\u00f3w na podstawie decyzji dyrektora szko\u0142y, bez konieczno\u015bci przeprowadzania wywiadu \u015brodowiskowego i wydawania decyzji\u00a0administracyjnej.<\/p>\n<p>Sprawy dotycz\u0105ce do\u017cywiania za\u0142atwiane w Filiach Miejskiego O\u015brodka Pomocy Spo\u0142ecznej w Krakowie w\u0142a\u015bciwych wed\u0142ug miejsca zamieszkania wnioskodawcy:<\/p>\n<p>1)\u00a0\u00a0\u00a0 Filia nr 1 ul. Rze\u017anicza 2, dla os\u00f3b zamieszka\u0142ych na obszarze Dzielnicy II i III Miasta Krakowa,\u00a0 tel.: 12 430-45-46, fax: 12 430-45-49<\/p>\n<p>2)\u00a0\u00a0\u00a0 Filia nr 2 ul. Radzikowskiego 37, dla os\u00f3b zamieszka\u0142ych na obszarze Dzielnicy IV i VI Miasta Krakowa, tel.: 12 636-77-98, fax: 12 636-75-24<\/p>\n<p>3)\u00a0\u00a0\u00a0 Filia nr 3 ul. Powsta\u0144c\u00f3w Wielkopolskich 3, dla os\u00f3b zamieszka\u0142ych na obszarze Dzielnicy IX, X, XIII Miasta Krakowa, tel.: 12 257- 00- 07, fax: 12 257- 00- 08<\/p>\n<p>4)\u00a0\u00a0\u00a0 Filia nr 4 os. Szkolne 34, dla os\u00f3b zamieszka\u0142ych na obszarze Dzielnicy XVIII Miasta Krakowa, tel.: 12 425-75-64, fax: 12 425-72-78<\/p>\n<p>5)\u00a0\u00a0\u00a0 Filia nr 5 ul. Praska 52, dla os\u00f3b zamieszka\u0142ych na obszarze Dzielnicy VIII Miasta Krakowa, tel.: 12 269-05-54, fax: 12 266-82-75<\/p>\n<p>6)\u00a0\u00a0\u00a0 Filia nr 6 ul. Dietla 64, dla os\u00f3b zamieszka\u0142ych na obszarze Dzielnicy I Miasta Krakowa, tel.: 12 423-23-15 fax: 12 422-17-74<\/p>\n<p>7)\u00a0\u00a0\u00a0 Filia nr 7 ul. S\u0142owackiego 46, dla os\u00f3b zamieszka\u0142ych na obszarze Dzielnicy V i VII Miasta Krakowa, tel.: 12 632-00-22, fax: 12 632-66-20<\/p>\n<p>8)\u00a0\u00a0\u00a0 Filia nr 8 ul. Jerzmanowskiego 37, dla os\u00f3b zamieszka\u0142ych na obszarze Dzielnicy XI i XII Miasta Krakowa, tel.: 12 659-12-68, fax: 12 659-21-60<\/p>\n<p>9)\u00a0\u00a0\u00a0 Filia nr 9 os. Teatralne 24, dla os\u00f3b zamieszka\u0142ych na obszarze Dzielnicy XIV, XV, XVI, XVII Miasta Krakowa,\u00a0 tel.: 12 644-76-09, fax: 12 644-80-34<\/p>\n<p>&nbsp;<\/p>\n<p>&nbsp;<\/p>\n","protected":false},"excerpt":{"rendered":"<p>Informujemy, \u017ce istnieje \u00a0mo\u017cliwo\u015b\u0107 dofinansowania obiad\u00f3w przez Miejski O\u015brodek Pomocy Spo\u0142ecznej oraz z Gminnych O\u015brodk\u00f3w Pomocy Spo\u0142ecznej. PROGRAM POMOCY RODZINOM&hellip;<\/p>\n","protected":false},"author":1,"featured_media":0,"parent":0,"menu_order":0,"comment_status":"closed","ping_status":"closed","template":"","meta":{"footnotes":""},"class_list":["post-89","page","type-page","status-publish","hentry"],"jetpack_sharing_enabled":true,"_links":{"self":[{"href":"https:\/\/smaknis.pl\/index.php\/wp-json\/wp\/v2\/pages\/89"}],"collection":[{"href":"https:\/\/smaknis.pl\/index.php\/wp-json\/wp\/v2\/pages"}],"about":[{"href":"https:\/\/smaknis.pl\/index.php\/wp-json\/wp\/v2\/types\/page"}],"author":[{"embeddable":true,"href":"https:\/\/smaknis.pl\/index.php\/wp-json\/wp\/v2\/users\/1"}],"replies":[{"embeddable":true,"href":"https:\/\/smaknis.pl\/index.php\/wp-json\/wp\/v2\/comments?post=89"}],"version-history":[{"count":3,"href":"https:\/\/smaknis.pl\/index.php\/wp-json\/wp\/v2\/pages\/89\/revisions"}],"predecessor-version":[{"id":1041,"href":"https:\/\/smaknis.pl\/index.php\/wp-json\/wp\/v2\/pages\/89\/revisions\/1041"}],"wp:attachment":[{"href":"https:\/\/smaknis.pl\/index.php\/wp-json\/wp\/v2\/media?parent=89"}],"curies":[{"name":"wp","href":"https:\/\/api.w.org\/{rel}","templated":true}]}}